 524743
What are the prime factors of 4840085909?
349, 661, 20981
List the prime factors of 8607267472.
2, 7873, 68329
What are the prime factors of 4327733855?
5, 977, 885923
What are the prime factors of 4288167?
3, 13, 19, 643
What are the prime factors of 747142865?
5, 7, 21346939
List the prime factors of 14921641.
7, 23, 92681
List the prime factors of 722471177.
722471177
List the prime factors of 1438919971.
1438919971
What are the prime factors of 440440318?
2, 17, 127, 102001
List the prime factors of 334728698.
2, 167364349
What are the prime factors of 40944123?
3, 11, 45953
List the prime factors of 70499757.
3, 23499919
List the prime factors of 63369316.
2, 733, 21613
What are the prime factors of 1266681380?
2, 5, 3083, 20543
What are the prime factors of 52774248?
2, 3, 19, 115733
What are the prime factors of 26908458?
2, 3, 4484743
What are the prime factors of 11207655?
3, 5, 249059
List the prime factors of 730097454.
2, 3, 121682909
List the prime factors of 1631051400.
2, 3, 5, 11, 17, 14537
List the prime factors of 40447701.
3, 7, 214009
List the prime factors of 173018911.
13, 17, 782891
What are the prime factors of 1370065813?
19, 1847, 39041
What are the prime factors of 559076316?
2, 3, 46589693
What are the prime factors of 829820675?
5, 2729, 12163
What are the prime factors of 155624228?
2, 38906057
List the prime factors of 4145668020.
2, 3, 5, 13, 45427
List the prime factors of 167675988.
2, 3, 19, 735421
What are the prime factors of 25269915?
3, 5, 11, 153151
List the prime factors of 78967988.
2, 11, 241, 677
What are the prime factors of 2245610298?
2, 3, 14951, 25033
What are the prime factors of 57285939?
3, 23, 36097
What are the prime factors of 1355258722?
2, 701, 966661
What are the prime factors of 24711932?
2, 7, 19, 46451
List the prime factors of 3060522478.
2, 13, 17, 541, 12799
What are the prime factors of 23654211?
3, 7, 37, 4349
List the prime factors of 12634530.
2, 3, 5, 113, 3727
What are the prime factors of 310170604?
2, 61, 67, 18973
List the prime factors of 5004871337.
26297, 190321
What are the prime factors of 43743627?
3, 739, 6577
List the prime factors of 254370.
2, 3, 5, 61, 139
What are the prime factors of 5779982?
2, 13, 131, 1697
What are the prime factors of 1667498401?
31, 457, 117703
What are the prime factors of 246329073?
3, 127, 71837
List the prime factors of 486059097.
3, 162019699
What are the prime factors of 57362231?
47, 109, 11197
What are the prime factors of 159983940?
2, 3, 5, 17, 67, 2341
What are the prime factors of 656887773?
3, 41, 191, 27961
List the prime factors of 67544906.
2, 11, 13, 37, 491
What are the prime factors of 1154982378?
2, 3, 11, 241, 72613
What are the prime factors of 120007425?
3, 5, 1600099
List the prime factors of 54165576.
2, 3, 53, 97, 439
List the prime factors of 398813785.
5, 8929, 8933
What are the prime factors of 3924534541?
17, 230854973
List the prime factors of 283274025.
3, 5, 71, 53197
List the prime factors of 22909707.
3, 2545523
List the prime factors of 267495249.
3, 7, 31, 410899
What are the prime factors of 1502067749?
7, 13, 577, 28607
List the prime factors of 1088802446.
2, 73, 479, 15569
What are the prime factors of 392717128?
2, 89, 551569
What are the prime factors of 75342110?
2, 5, 2083, 3617
What are the prime factors of 1567392926?
2, 11, 61, 1167953
What are the prime factors of 191553236?
2, 7, 29, 53, 4451
List the prime factors of 401169982.
2, 200584991
What are the prime factors of 201056528?
2, 12566033
What are the prime factors of 42680786?
2, 409, 52177
List the prime factors of 372731592.
2, 3, 887, 17509
List the prime factors of 334548093.
3, 11, 10137821
List the prime factors of 678554202.
2, 3, 263, 430009
List the prime factors of 915981510.
2, 3, 5, 53, 576089
List the prime factors of 1288100722.
2, 2423, 265807
What are the prime factors of 4963292484?
2, 3, 53, 73, 106903
What are the prime factors of 62805462?
2, 3, 811, 12907
List the prime factors of 9307948.
2, 13, 19, 9421
What are the prime factors of 232515034?
2, 116257517
What are the prime factors of 124509622?
2, 19, 331, 521
What are the prime factors of 212858913?
3, 461, 153911
List the prime factors of 41109919.
41109919
What are the prime factors of 1938265388?
2, 5413, 89519
List the prime factors of 335331804.
2, 3, 2857, 9781
What are the prime factors of 2369791476?
2, 3, 13, 23, 137, 1607
What are the prime factors of 461269317?
3, 153756439
What are the prime factors of 468828072?
2, 3, 6511501
What are the prime factors of 4491081936?
2, 3, 11, 23, 13697
What are the prime factors of 18371527?
18371527
What are the prime factors of 590745835?
5, 17, 41, 337, 503
What are the prime factors of 11358652?
2, 17, 167039
What are the prime factors of 9645660?
2, 3, 5, 41, 1307
What are the prime factors of 36486443?
7, 883, 5903
What are the prime factors of 2577757580?
2, 5, 659, 195581
List the prime factors of 2507035500.
2, 3, 5, 29, 19211
List the prime factors of 182504937.
3, 19, 197, 16253
List the prime factors of 3381668382.
2, 3, 3779, 149143
What are the prime factors of 68658717?
3, 37, 618547
List the prime factors of 3915647.
73, 53639
List the prime factors of 2290655643.
3, 139, 5493179
What are the prime factors of 157876670?
2, 5, 7, 2255381
What are the prime factors of 3042791024?
2, 7, 13, 19, 827
List the prime factors of 122800861.
122800861
What are the prime factors of 929735256?
2, 3, 23, 1684303
What are the prime factors of 76499905?
5, 37, 257, 1609
What are the prime factors of 24771506?
2, 23, 538511
What are the prime factors of 3413306216?
2, 426663277
What are the prime factors of 68023581?
3, 23, 42863
List the prime factors of 417401108.
2, 131, 796567
What are the prime factors of 164307400?
2, 5, 23, 1553
List the prime factors of 78661616.
2, 11, 41, 991
What are the prime factors of 11579191?
13, 890707
List the prime factors of 14499967.
37, 391891
List the prime factors of 544426883.
7, 11, 13, 543883
What are the prime factors of 168112590?
2, 3, 5, 5603753
What are the prime factors of 169498036?
2, 37, 103, 11119
What are the prime factors of 1240209425?
5, 7, 13, 433, 1259
List the prime factors of 2398893922.
2, 1199446961
List the prime factors of 5651787190.
2, 5, 7, 17, 79, 761
What are the prime factors of 62445353?
62445353
List the prime factors of 26538998.
2, 43, 421, 733
What are the prime factors of 157081636?
2, 1063, 36943
List the prime factors of 1385959483.
1385959483
What are the prime factors of 1066876697?
53, 20129749
What are the prime factors of 228203194?
2, 23, 215693
What are the prime factors of 380058057?
3, 389, 108557
List the prime factors of 3760384725.
3, 5, 16712821
List the prime factors of 390767685.
3, 5, 7, 11, 30757
List the prime factors of 3273507875.
5, 11, 2380733
What are the prime factors of 1228719989?
7, 281, 624667
List the prime factors of 34124567.
101, 337867
List the prime factors of 116926088.
2, 14615761
List the prime factors of 120071883.
3, 6091, 6571
What are the prime factors of 70120180?
2, 5, 13, 37, 197
What are the prime factors of 57657026?
2, 7, 37, 15901
What are the prime factors of 36969451?
743, 49757
What are the prime factors of 50260764?
2, 3, 997, 4201
What are the prime factors of 5210542647?
3, 89, 722783
What are the prime factors of 255200461?
163, 821, 1907
List the prime factors of 1201668226.
2, 11, 54621283
What are the prime factors of 4626377677?
61, 617, 122921
What are the prime factors of 80913746?
2, 37, 41, 26669
What are the prime factors of 540043956?
2, 3, 23, 217409
List the prime factors of 129372932.
2, 13, 911, 2731
What are the prime factors of 643049550?
2, 3, 5, 11, 13, 3331
What are the prime factors of 314860206?
2, 3, 4133, 12697
What are the prime factors of 156501880?
2, 5, 3912547
List the prime factors of 35799410.
2, 5, 593, 6037
What are the prime factors of 33263145?
3, 5, 29, 71, 359
List the prime factors of 159972954.
2, 3, 59, 451901
List the prime factors of 799611466.
2, 19, 21042407
List the prime factors of 1400069697.
3, 13, 17, 1319, 1601
What are the prime factors of 460645568?
2, 59, 121993
What are the prime factors of 762347495?
5, 7, 13, 5